t common divisor of r and 4.
1
Let k(o) = o**3 + 6*o**2 + o + 4. Let m = -1 + -4. Let q be k(m). Let y be q/(-6) + (26 - -2). Calculate the greatest common divisor of 6 and y.
6
Suppose -3 = -4*i + 29. Suppose i*d = 4*d - 32. Let p be (-27)/(20/d - -1). Calculate the highest common factor of 27 and p.
9
Suppose 46 + 278 = 4*w. Let c be (-9)/(-1 + -2)*3. What is the highest common factor of c and w?
9
Suppose -11 + 3 = -4*k. Suppose -k*a + 78 = 14. Suppose 0 = 4*s - 4*y, 3*s - 4*y = 7*s - a. Calculate the highest common factor of 1 and s.
1
Suppose -3*m - 4 = 2. Suppose -d + 2*w = -4 + 23, 4*d + 86 = 3*w. Let z = m - d. What is the greatest common factor of z and 210?
21
Suppose 22 = -5*r + 16*r. What is the highest common divisor of 64 and r?
2
Suppose 2*r = -3*c + 20, c - 5*r = -4*c. Suppose 4*u - 3*p - 188 = p, -u = -c*p - 59. Calculate the greatest common divisor of u and 129.
43
Suppose 14*d = 12*d + 138. Let t = 105 - d. Suppose 2*k = -2*k + 96. Calculate the highest common factor of k and t.
12
Suppose -15 = -6*v + 21. Suppose 8*x - v = 5*x. What is the greatest common divisor of x and 32?
2
Let u be 18238/55 + (-44)/(-10) + -4. What is the highest common factor of u and 830?
166
Let w = -822 - -1307. Let s = -93 + w. Let c be (s/35)/(2/10). What is the greatest common divisor of c and 7?
7
Let k(i) = 30*i - 552. Let n be k(19). Calculate the highest common factor of 1368 and n.
18
Suppose -4*n + 3*h - 7 = 0, -4*n + 5*h = h + 12. Calculate the greatest common divisor of n and 22.
2
Suppose -10*l - 960 = -22*l. Calculate the greatest common factor of l and 25.
5
Let u(r) = -r**3 + 9*r**2 - 5*r - 7. Let y be u(8). Let j(l) = -l**3 + 18*l**2 - 11*l + 8. Let i be j(y). What is the greatest common factor of i and 10?
10
Suppose 3*b - 2*h - 131 = -2*b, -5*b + 116 = 3*h. Suppose -54 = -3*w - 5*z + b, -3*w + 4*z + 34 = 0. What is the greatest common divisor of w and 9?
9
Suppose -25*n = -23*n - 16. Let z(g) = g**2 - 8*g + 13. Let x be z(n). Suppose -x - 14 = -3*j. Calculate the greatest common factor of j and 63.
9
Let q = 18 - 18. Let k be (q - 0)/1 - -14. Calculate the highest common divisor of k and 35.
7
Suppose -1260 = -14*i + 532. Calculate the greatest common factor of i and 4.
4
Suppose 3*f + s - 127 = 0, -5*f = -5*s + 10*s - 195. What is the greatest common divisor of f and 638?
22
Let d(k) = k**2 + 3*k - 33. Let g be d(13). Calculate the greatest common factor of 70 and g.
35
Let f = -1363 - -1380. What is the greatest common factor of f and 425?
17
Suppose 4*w + 122 = -610. Let z = w + 354. Let n(b) = -b**3 - 3*b**2 + 2*b + 11. Let j be n(-4). What is the greatest common factor of z and j?
19
Let x(h) = h**2 + 6*h + 14. Let t be x(-3). Suppose -t*j + 37 + 58 = 0. What is the greatest common divisor of 19 and j?
19
Let t(c) = 13*c - 42. Let o be t(9). Calculate the highest common divisor of 15 and o.
15
Suppose -5*h - 4*x = -4*h, 4*h = -3*x + 13. Let w be 34/2*(-3)/6*-2. Suppose -h*j - 9 + w = 0. Calculate the highest common factor of 22 and j.
2
Let i = -87 + 124. Let r = i - 25. Suppose -10*z - 16 = -r*z. Calculate the greatest common factor of z and 80.
8
Let f = -619 + 670. Calculate the highest common divisor of 119 and f.
17
Suppose 0 = -5*s - 2 + 12, -u = -5*s - 14. Let y = 200 - 2. Let v = 390 - y. Calculate the greatest common factor of v and u.
24
Let l(q) = -q**2 - 40*q + 396. Let z be l(-46). Suppose 2*x + 2*w - 134 = -x, -207 = -4*x + 3*w. What is the highest common divisor of z and x?
24
Suppose 4*v + 0 = 32. Let h = -15517 + 15557. What is the highest common divisor of v and h?
8
Suppose -56*t + 57*t - 234 = 0. Calculate the greatest common divisor of 18 and t.
18
Let v = -326 + 496. Suppose 0 = -12*u + 17*u - v. What is the greatest common divisor of u and 85?
17
Let r = 38 - -39. Let k be 4*2/(-8)*-2. Suppose -4*i - k*a + 35 = 9, -a - 1 = 0. What is the highest common factor of r and i?
7
Let y = 62 - 40. Let b be (-1)/2 - 164/(-8). Let l = b - 18. What is the highest common divisor of l and y?
2
Let m(i) = -i**3 + 8*i**2 + 14*i - 25. Let w be m(9). What is the greatest common divisor of 50 and w?
10
Let f = 9 - 12. Let x be 0/(0 - (4 + f)). Suppose -4*q - 4*h + 32 = -x, -5*h + 5 = 0. Calculate the highest common divisor of q and 63.
7
Let w(h) = -7*h**3 + 3*h - 5. Let z be w(2). Let k = z - -78. Let l = -54 - -261. What is the highest common factor of l and k?
23
Let d be (-9)/(-4)*(-48)/(-9). Calculate the highest common divisor of 60 and d.
12
Suppose -i = -27 + 118. Let p = -77 - i. Calculate the greatest common divisor of p and 4.
2
Let x(n) = 35*n**2 - 235*n + 8. Let d be x(7). Calculate the greatest common divisor of 195 and d.
39
Let q(n) = 2*n**2 + 7*n + 6. Let l be q(-4). Let k be -5 + (-14)/((-14)/9). Calculate the greatest common factor of l and k.
2
Let p = 11 - -49. Let v = 3 + -4. Let g(k) = 13*k**2 - 1. Let t be g(v). Calculate the highest common factor of t and p.
12
Suppose -8 = 4*t - 24. Let c be (0 - t/(-6))/(8/96). What is the greatest common factor of c and 32?
8
Suppose -u + 10 - 31 = -2*j, u = j - 12. Let v(n) = 7*n**2 + 56*n + 9. Let b be v(-9). What is the highest common divisor of b and j?
9
Suppose -t = -5*q + 1, -4*t - 4*q - 28 = -144. Let v = -241 + 457. Calculate the highest common factor of t and v.
24
Suppose 23*f - 2681 - 838 = 0. Calculate the highest common factor of f and 17.
17
Let z(b) = -b**3 - 3*b**2 - 3*b. Let a be z(-2). Let r(q) = 0*q + 2 + q**2 - 3*q + 4*q + a. Let m be r(4). Calculate the highest common factor of 8 and m.
8
Let l = -139 + 144. What is the highest common divisor of 80 and l?
5
Let r = 540 + -375. Calculate the greatest common factor of r and 99.
33
Let u be (-1464)/66 + 4/22. Let b = u + 26. Calculate the highest common divisor of b and 16.
4
Suppose -c + 2*c - 3*x = -11, -3*c + 4*x - 13 = 0. Let h be (-74)/(-9) - 6/27. Calculate the greatest common factor of h and c.
1
Suppose 3*h + 0*h - 5*d = 370, 4*d = 2*h - 248. Calculate the highest common factor of 45 and h.
15
Let f be (22/(-55))/(6/(-780)). What is the greatest common factor of f and 117?
13
Suppose 44*g - 38*g = 900. What is the greatest common divisor of g and 100?
50
Let i = 7 - 3. Suppose 5*t = i*t. Let d(s) = s**2 + 14. Let z be d(t). Calculate the greatest common divisor of 126 and z.
14
Let h(k) = -k**2 - 17*k + 2. Let w be h(-17). Let s(o) = 6*o - 7. Let x be s(w). Calculate the highest common factor of x and 1.
1
Let m = -376 + 496. What is the greatest common factor of m and 30?
30
Let x be (10/6)/(12 + (-2002)/168). Let u(p) = 56*p - 4. Let z be u(4). Calculate the highest common divisor of z and x.
20
Let t(i) = -34*i + 6. Let j be t(-2). Let n be j*((-2)/(-5) + (-7)/(-70)). Calculate the greatest common factor of n and 185.
37
Suppose -3*u - 10*u + 884 = 0. What is the highest common factor of u and 34?
34
Suppose 11*r - 507 = 2221. What is the greatest common factor of r and 64?
8
Let a = 68 - 62. Calculate the highest common factor of 16 and a.
2
Let h = -35 + 26. Let x be (h/6)/((-1)/20). Calculate the highest common divisor of 20 and x.
10
Suppose u - 2 + 3 = 0. Let j be (-4 - u) + (13 - 6/(-3)). What is the highest common factor of 4 and j?
4
Let n = 1067 + -1055. What is the highest common divisor of n and 24?
12
Suppose 27 = 7*y - 29. Let w(f) = f**3 - 8*f**2 + 9. Let z be w(y). Calculate the highest common divisor of z and 99.
9
Let s be 333/6 + 1 + (-10)/4. Calculate the greatest common factor of 144 and s.
18
Suppose -n - 4 = 4*b, 5*b + 14 = 4*n - 3*n. Suppose n*y + r = 95, -2*r = 4*y - 12 - 78. What is the highest common factor of y and 5?
5
Let n(z) = -6*z + 13. Let r be n(1). Suppose -4*t - 33 = -89. Calculate the highest common divisor of r and t.
7
Let p = 4 + -2. Suppose -p*i + 0 + 4 = 0. What is the greatest common factor of 16 and i?
2
Suppose -2*k = -o - 5*k + 1340, -2*o + 2688 = -2*k. Calculate the greatest common divisor of 79 and o.
79
Suppose 0 = 5*j - 3*c - 7 - 4, -15 = -5*c. Let f be j/(-26) - 4670/65. Let d be (-1)/((-4)/f*-1). Calculate the highest common factor of d and 126.
18
Let z = -2 - -8. Let d be ((-2)/(1 - -3))/(4/(-120)). Calculate the greatest common factor of z and d.
3
Suppose 0 = 5*n - 5 - 0. Suppose -v = -o - 2 + n, -3*v + 5 = -o. Calculate